{"id":708,"date":"2021-10-17T13:04:42","date_gmt":"2021-10-17T13:04:42","guid":{"rendered":"http:\/\/54.246.18.44\/?page_id=708"},"modified":"2025-09-19T11:50:23","modified_gmt":"2025-09-19T09:50:23","slug":"wie-we-zijn","status":"publish","type":"page","link":"https:\/\/www.klimclubhungaria.be\/index.php\/wie-we-zijn\/","title":{"rendered":"Wie zijn we?"},"content":{"rendered":"\n<figure class=\"wp-block-image alignwide size-full\"><img loading=\"lazy\" decoding=\"async\" width=\"2048\" height=\"1367\" src=\"https:\/\/www.klimclubhungaria.be\/wp-content\/uploads\/2024\/09\/408959529_898259768971862_6602610985867980617_n-1.jpg\" alt=\"\" class=\"wp-image-6159\"><\/figure>\n\n\n\n<h2 class=\"wp-block-heading has-text-align-center\" style=\"font-size:38px;line-height:1.4\">Klimclub Hungaria vzw heeft een rijke geschiedenis en meer dan 20 jaar ervaring in de klimwereld.<\/h2>\n\n\n\n<hr class=\"wp-block-separator has-alpha-channel-opacity\"\/>\n\n\n\n<div class=\"wp-block-columns is-layout-flex wp-container-core-columns-is-layout-9d6595d7 wp-block-columns-is-layout-flex\">\n<div class=\"wp-block-column is-layout-flow wp-block-column-is-layout-flow\">\n<p>We zijn er voor alle leeftijden en voor de absolute beginner tot (inter)nationale atleet. Opgericht in 2001 en erkend als vzw in 2004, hebben we sindsdien veel bereikt en daar zijn we best wel trots op.&nbsp;<\/p>\n\n\n\n<p>Onze club is vernoemd naar de voormalige \u201cklimzaal Hungaria\u201d die gevestigd was aan de Vaartkom in Leuven (Engels plein nummer 15). Dit was \u00e9\u00e9n van de eerste klimzalen van Belgi\u00eb en bevond zich in de betonnen silo\u2019s van het veevoederbedrijf Hungaria.&nbsp;We begonnen in deze klimzaal als club die zich voornamelijk richtte op het organiseren en begeleiden van jeugd sport-kampen tijdens schoolvakanties. Onze activiteiten breidden zich echter snel uit naar wekelijkse klimtrainingen voor jongeren en een competitie team waarmee we regelmatig goede nationale en zelfs internationale resultaten behaalde.&nbsp; We bouwden samen met de klimzaal&nbsp; een Leuvense klimcommunity op door het organiseren van talrijke activiteiten.&nbsp;<\/p>\n\n\n\n<p>Over de jaren heen is de klimsport sterk veranderd. Ze is zelfs uitgegroeid tot een olympische sport. We zien het als een troef dat we deze evolutie hebben mogen mee maken.&nbsp;We hebben steeds geprobeerd het community gevoel te behouden en onze passie voor onze mooie sport uit te dragen.&nbsp;<\/p>\n<\/div>\n\n\n\n<div class=\"wp-block-column is-layout-flow wp-block-column-is-layout-flow\">\n<p>Eind 2015 moest de klimzaal de deuren sluiten om plaats te maken voor appartementen. Niettemin hebben we er alles aan gedaan om onze werking door te laten gaan door deze tijdelijk onder te brengen in de sporthal van de UCLL te Heverlee terwijl ons competitieteam trainde op verplaatsing in verschillende Belgische klimzalen.<\/p>\n\n\n\n<p>Met de opening van onze nieuwe uitvalsbasis, <a href=\"https:\/\/destordeur.be\" target=\"_blank\" rel=\"noreferrer noopener\">klimzaal De Stordeur<\/a>, hebben we onze club kunnen uitbreiden&nbsp; met een <a href=\"https:\/\/www.klimclubhungaria.be\/index.php\/volwassenen\/\" target=\"_blank\" rel=\"noreferrer noopener\">volwassen<\/a>&#8211; en <a href=\"https:\/\/www.klimclubhungaria.be\/index.php\/g-werking\/\" target=\"_blank\" rel=\"noreferrer noopener\">G-werking<\/a> en zijn we sindsdien meerdere keren uitgeroepen tot de snelst groeiende club van de KBF (de Vlaamse klim- en bergsport-federatie)&nbsp; We bieden nu trainingen aan voor zowel jongeren als volwassenen, <a href=\"https:\/\/www.klimclubhungaria.be\/index.php\/kvb-algemeen\/\" target=\"_blank\" rel=\"noreferrer noopener\">KVB-cursussen<\/a>, <a href=\"https:\/\/www.klimclubhungaria.be\/index.php\/rotskliminitiaties\/\" target=\"_blank\" rel=\"noreferrer noopener\">rotsinitiaties<\/a>, buitenlandse stages, boulder- en crack-weekends, rotsbeheer, competitieklimmen en nog veel meer. Met andere woorden, elke klimmer, van absolute beginner tot expert, kan bij ons terecht.<\/p>\n\n\n\n<p>Dit alles zou uiteraard niet mogelijk zijn zonder de onvermoeibare inzet van onze talrijke <a href=\"https:\/\/www.klimclubhungaria.be\/index.php\/vrijwilliger-worden\/\" target=\"_blank\" rel=\"noreferrer noopener\">vrijwilligers<\/a>, onze leden, trainers, en sponsors die het kloppende hart van onze club vormen.&nbsp;<\/p>\n<\/div>\n<\/div>\n\n\n\n<figure class=\"wp-block-embed is-type-video is-provider-youtube wp-block-embed-youtube wp-embed-aspect-16-9 wp-has-aspect-ratio\"><div class=\"wp-block-embed__wrapper\">\n<p class=\"responsive-video-wrap clr\"><iframe loading=\"lazy\" title=\"Testimonial klimclub Hungaria- Professionaliseerjesportclub\" width=\"1200\" height=\"675\" src=\"https:\/\/www.youtube.com\/embed\/JLYTcY5cCUE?feature=oembed\" frameborder=\"0\" allow=\"accelerometer; autoplay; clipboard-write; encrypted-media; gyroscope; picture-in-picture; web-share\" referrerpolicy=\"strict-origin-when-cross-origin\" allowfullscreen><\/iframe><\/p>\n<\/div><\/figure>\n\n\n\n<hr class=\"wp-block-separator has-alpha-channel-opacity\"\/>\n\n\n\n<h2 class=\"wp-block-heading has-text-align-center\">Wie is wie? Maak kennis met ons bestuur en onze medewerkers &#8230;<\/h2>\n\n\n\n<div style=\"height:52px\" aria-hidden=\"true\" class=\"wp-block-spacer\"><\/div>\n\n\n\n<h2 class=\"wp-block-heading\">Raad van Bestuur<\/h2>\n\n\n\n<figure class=\"wp-block-table is-style-stripes\"><table class=\"has-fixed-layout\"><tbody><tr><td class=\"has-text-align-center\" data-align=\"center\"><strong>Simon De Baere<\/strong><\/td><td>Penningmeester<\/td><\/tr><tr><td class=\"has-text-align-center\" data-align=\"center\"><strong>Tijl Christiaensen<\/strong><br><img loading=\"lazy\" decoding=\"async\" width=\"1357\" height=\"1300\" class=\"wp-image-6124\" style=\"width: 300px\" src=\"https:\/\/www.klimclubhungaria.be\/wp-content\/uploads\/2024\/09\/0EFD8B54-F1C6-4B7F-BE7B-7683BAA9984C-kopie.jpeg\" alt=\"\"><\/td><td>Secretaris, materiaal &amp; EHBO<\/td><\/tr><tr><td class=\"has-text-align-center\" data-align=\"center\"><strong>Sam Lemmens<\/strong><\/td><td>Bestuurslid<\/td><\/tr><tr><td class=\"has-text-align-center\" data-align=\"center\"><strong>Alexander Rolland<\/strong><br><img loading=\"lazy\" decoding=\"async\" width=\"590\" height=\"693\" class=\"wp-image-4810\" style=\"width: 300px\" src=\"https:\/\/www.klimclubhungaria.be\/wp-content\/uploads\/2023\/12\/Schermafbeelding-2023-12-05-om-16.28.01.png\" alt=\"\"><\/td><td>Bestuurslid <\/td><\/tr><\/tbody><\/table><\/figure>\n\n\n\n<div style=\"height:40px\" aria-hidden=\"true\" class=\"wp-block-spacer\"><\/div>\n\n\n\n<h2 class=\"wp-block-heading\">Vaste medewerkers <\/h2>\n\n\n\n<figure class=\"wp-block-table is-style-stripes\"><table class=\"has-fixed-layout\"><tbody><tr><td class=\"has-text-align-center\" data-align=\"center\"><strong>Tess Driessens<\/strong><br><img loading=\"lazy\" decoding=\"async\" width=\"2333\" height=\"3500\" class=\"wp-image-4744\" style=\"width: 300px\" src=\"https:\/\/www.klimclubhungaria.be\/wp-content\/uploads\/2023\/12\/Coach-Tess_lage-kwali.jpg\" alt=\"\"><\/td><td>Volwassenenwerking en buitenlandse stages<\/td><\/tr><tr><td class=\"has-text-align-center\" data-align=\"center\"><strong>Silke Ghekiere<\/strong><br><img loading=\"lazy\" decoding=\"async\" width=\"699\" height=\"699\" class=\"wp-image-4815\" style=\"width: 300px\" src=\"https:\/\/www.klimclubhungaria.be\/wp-content\/uploads\/2023\/12\/Schermafbeelding-2023-12-05-om-22.24.04.png\" alt=\"\"><\/td><td>Competitieteam &amp; <a href=\"https:\/\/www.klimclubhungaria.be\/index.php\/api\/\">aanspreekpunt voor integriteit <\/a><\/td><\/tr><tr><td class=\"has-text-align-center\" data-align=\"center\"><strong>Bram Cousaert<\/strong> <br><img loading=\"lazy\" decoding=\"async\" width=\"1169\" height=\"1558\" class=\"wp-image-5197\" style=\"width: 300px\" src=\"https:\/\/www.klimclubhungaria.be\/wp-content\/uploads\/2024\/02\/421248669_1096085601434728_6719598443290428671_n.jpg\" alt=\"\"><\/td><td>Algemene administratie<\/td><\/tr><tr><td class=\"has-text-align-center\" data-align=\"center\"><strong>Michiel Dedeyne<\/strong><br><img loading=\"lazy\" decoding=\"async\" width=\"1901\" height=\"2601\" class=\"wp-image-4807\" style=\"width: 300px\" src=\"https:\/\/www.klimclubhungaria.be\/wp-content\/uploads\/2023\/12\/IMG_2318.jpg\" alt=\"Michiel Dedeyne \"><\/td><td>Jeugdwerking<\/td><\/tr><\/tbody><\/table><\/figure>\n\n\n\n<div style=\"height:40px\" aria-hidden=\"true\" class=\"wp-block-spacer\"><\/div>\n\n\n\n<h2 class=\"wp-block-heading\">Ondersteuning<\/h2>\n\n\n\n<figure class=\"wp-block-table is-style-stripes\"><table class=\"has-fixed-layout\"><tbody><tr><td class=\"has-text-align-center\" data-align=\"center\"><strong>Jo<\/strong> <strong>Franckx<\/strong><\/td><td>G-werking<\/td><\/tr><tr><td class=\"has-text-align-center\" data-align=\"center\"><strong>Pieter Vanautgaerden<\/strong><\/td><td>Webmaster<\/td><\/tr><tr><td class=\"has-text-align-center\" data-align=\"center\"><strong>Tom Haeck <\/strong><\/td><td>Webmaster<\/td><\/tr><tr><td class=\"has-text-align-center\" data-align=\"center\"><strong>Maartje Vanagt<\/strong><\/td><td>Sociale media en communicatie<\/td><\/tr><tr><td class=\"has-text-align-center\" data-align=\"center\"><strong>Seppe Desmet<\/strong><\/td><td>Rotsbeheer<\/td><\/tr><\/tbody><\/table><\/figure>\n\n\n\n<div style=\"height:40px\" aria-hidden=\"true\" class=\"wp-block-spacer\"><\/div>\n\n\n\n<h2 class=\"wp-block-heading\">Vrijwilligers<\/h2>\n\n\n\n<h2 class=\"wp-block-heading has-text-align-center\" style=\"font-size:38px;line-height:1.4\">Minstens zo belangrijk zijn al onze vrijwilligers die zich wekelijks inzetten.<\/h2>\n\n\n\n<hr class=\"wp-block-separator has-alpha-channel-opacity\"\/>\n\n\n\n<p class=\"has-text-align-center\">Zij het als trainer, lesgever, examinator of op welke manier dan ook, onze vrijwilligers laten de club draaien, innoveren en floreren.<\/p>\n\n\n\n<p class=\"has-text-align-center\">Heb je interesse en ook zin om mee je handen uit de mouwen te steken bij Klimclub Hungaria vzw en het team te ondersteunen? Begeleid je graag groepen, ben je praktisch ingesteld of misschien zet je graag mee je schouders onder ons volgende event georganiseerd door de club? Maar belangrijkste van al: Heb je een passie voor klimmen? Dan hebben we een match!!! <\/p>\n\n\n\n<p class=\"has-text-align-center\">Neem snel contact met ons op en vertel waar jij graag een handje wil toesteken! Klik op de onderstaande knop voor meer informatie!<\/p>\n\n\n\n<div class=\"wp-block-buttons is-content-justification-center is-layout-flex wp-container-core-buttons-is-layout-16018d1d wp-block-buttons-is-layout-flex\">\n<div class=\"wp-block-button is-style-outline is-style-outline--1\"><a class=\"wp-block-button__link wp-element-button\" href=\"https:\/\/www.klimclubhungaria.be\/index.php\/vrijwilliger-worden\/\">Vrijwilliger worden <\/a><\/div>\n<\/div>\n\n\n\n<div style=\"height:20px\" aria-hidden=\"true\" class=\"wp-block-spacer\"><\/div>\n\n\n\n<figure class=\"wp-block-image alignfull size-full\"><img loading=\"lazy\" decoding=\"async\" width=\"1198\" height=\"332\" src=\"https:\/\/www.klimclubhungaria.be\/wp-content\/uploads\/2023\/04\/Schermafbeelding-2023-04-12-om-20.45.44.png\" alt=\"Trainers van Klimclub Hungaria naast elkaar\" class=\"wp-image-3395\"\/><\/figure>\n","protected":false},"excerpt":{"rendered":"<p>Klimclub Hungaria vzw heeft een rijke geschiedenis en meer dan 20 jaar ervaring in de klimwereld. We zijn er voor alle leeftijden en voor de absolute beginner tot (inter)nationale atleet. Opgericht in 2001 en erkend als vzw in 2004, hebben we sindsdien veel bereikt en daar zijn we best wel trots op.&nbsp; Onze club is [&hellip;]<\/p>\n","protected":false},"author":1,"featured_media":0,"parent":0,"menu_order":55,"comment_status":"closed","ping_status":"closed","template":"","meta":{"ocean_post_layout":"","ocean_both_sidebars_style":"","ocean_both_sidebars_content_width":0,"ocean_both_sidebars_sidebars_width":0,"ocean_sidebar":"0","ocean_second_sidebar":"0","ocean_disable_margins":"enable","ocean_add_body_class":"","ocean_shortcode_before_top_bar":"","ocean_shortcode_after_top_bar":"","ocean_shortcode_before_header":"","ocean_shortcode_after_header":"","ocean_has_shortcode":"","ocean_shortcode_after_title":"","ocean_shortcode_before_footer_widgets":"","ocean_shortcode_after_footer_widgets":"","ocean_shortcode_before_footer_bottom":"","ocean_shortcode_after_footer_bottom":"","ocean_display_top_bar":"default","ocean_display_header":"default","ocean_header_style":"","ocean_center_header_left_menu":"0","ocean_custom_header_template":"0","ocean_custom_logo":0,"ocean_custom_retina_logo":0,"ocean_custom_logo_max_width":0,"ocean_custom_logo_tablet_max_width":0,"ocean_custom_logo_mobile_max_width":0,"ocean_custom_logo_max_height":0,"ocean_custom_logo_tablet_max_height":0,"ocean_custom_logo_mobile_max_height":0,"ocean_header_custom_menu":"0","ocean_menu_typo_font_family":"0","ocean_menu_typo_font_subset":"","ocean_menu_typo_font_size":0,"ocean_menu_typo_font_size_tablet":0,"ocean_menu_typo_font_size_mobile":0,"ocean_menu_typo_font_size_unit":"px","ocean_menu_typo_font_weight":"","ocean_menu_typo_font_weight_tablet":"","ocean_menu_typo_font_weight_mobile":"","ocean_menu_typo_transform":"","ocean_menu_typo_transform_tablet":"","ocean_menu_typo_transform_mobile":"","ocean_menu_typo_line_height":0,"ocean_menu_typo_line_height_tablet":0,"ocean_menu_typo_line_height_mobile":0,"ocean_menu_typo_line_height_unit":"","ocean_menu_typo_spacing":0,"ocean_menu_typo_spacing_tablet":0,"ocean_menu_typo_spacing_mobile":0,"ocean_menu_typo_spacing_unit":"","ocean_menu_link_color":"","ocean_menu_link_color_hover":"","ocean_menu_link_color_active":"","ocean_menu_link_background":"","ocean_menu_link_hover_background":"","ocean_menu_link_active_background":"","ocean_menu_social_links_bg":"","ocean_menu_social_hover_links_bg":"","ocean_menu_social_links_color":"","ocean_menu_social_hover_links_color":"","ocean_disable_title":"default","ocean_disable_heading":"default","ocean_post_title":"","ocean_post_subheading":"","ocean_post_title_style":"","ocean_post_title_background_color":"","ocean_post_title_background":0,"ocean_post_title_bg_image_position":"","ocean_post_title_bg_image_attachment":"","ocean_post_title_bg_image_repeat":"","ocean_post_title_bg_image_size":"","ocean_post_title_height":0,"ocean_post_title_bg_overlay":0.5,"ocean_post_title_bg_overlay_color":"","ocean_disable_breadcrumbs":"default","ocean_breadcrumbs_color":"","ocean_breadcrumbs_separator_color":"","ocean_breadcrumbs_links_color":"","ocean_breadcrumbs_links_hover_color":"","ocean_display_footer_widgets":"default","ocean_display_footer_bottom":"default","ocean_custom_footer_template":"0","two_page_speed":[],"footnotes":""},"class_list":["post-708","page","type-page","status-publish","hentry","entry","owp-thumbs-layout-horizontal","owp-btn-normal","owp-tabs-layout-horizontal","has-no-thumbnails","has-product-nav"],"_links":{"self":[{"href":"https:\/\/www.klimclubhungaria.be\/index.php\/wp-json\/wp\/v2\/pages\/708","targetHints":{"allow":["GET"]}}],"collection":[{"href":"https:\/\/www.klimclubhungaria.be\/index.php\/wp-json\/wp\/v2\/pages"}],"about":[{"href":"https:\/\/www.klimclubhungaria.be\/index.php\/wp-json\/wp\/v2\/types\/page"}],"author":[{"embeddable":true,"href":"https:\/\/www.klimclubhungaria.be\/index.php\/wp-json\/wp\/v2\/users\/1"}],"replies":[{"embeddable":true,"href":"https:\/\/www.klimclubhungaria.be\/index.php\/wp-json\/wp\/v2\/comments?post=708"}],"version-history":[{"count":43,"href":"https:\/\/www.klimclubhungaria.be\/index.php\/wp-json\/wp\/v2\/pages\/708\/revisions"}],"predecessor-version":[{"id":8214,"href":"https:\/\/www.klimclubhungaria.be\/index.php\/wp-json\/wp\/v2\/pages\/708\/revisions\/8214"}],"wp:attachment":[{"href":"https:\/\/www.klimclubhungaria.be\/index.php\/wp-json\/wp\/v2\/media?parent=708"}],"curies":[{"name":"wp","href":"https:\/\/api.w.org\/{rel}","templated":true}]}}